e
Suppose -2*d = -5*x + 4399, -2*x - x + 2631 = 3*d. Let z(n) = -5*n**3 - 2*n**2 + 14*n - 9. Let s be z(5). Let r = x + s. Is r prime?
False
Suppose 920 = 2*a + 4*l, 4*l = -a + 208 + 252. Suppose -4*s + a = -0*s. Is s composite?
True
Let v(p) = -12 + 0*p + 2*p - 4*p + 3*p. Let l be v(-8). Is 15/l - (-1246)/8 a prime number?
False
Let f be -7 - (0 + (0 - -2)). Let a be 4*(2 + f/6). Suppose -a*u = z + u - 5, -5*u + 27 = 3*z. Is z a composite number?
True
Let g(u) = -258*u - 13 + 113*u - 165*u. Is g(-6) a prime number?
True
Let m(r) = 5750*r**2 + 3*r + 10. Is m(-3) a composite number?
True
Suppose 2*n - 3745 = -5*n. Is n composite?
True
Suppose 0 = -2*g + x - 3*x + 2, 0 = 5*g + 2*x + 4. Is ((-30)/(-45))/(g - (-7792)/3894) prime?
False
Let s = 43 - 41. Suppose -485 = -s*v + 293. Is v composite?
False
Let u(i) = 10*i**2 + 15*i + 24. Let r be u(-16). Let j = -431 - r. Let l = j + 3890. Is l a composite number?
True
Let y(c) = -c**2 + 4*c - 1. Let g be y(1). Suppose -3*l + 2*l = -u - 210, 0 = g*l + 5*u - 427. Is l a composite number?
False
Let y(w) = -3*w + 39 - 18 + w + 3*w. Suppose i + 30 = -2*i. Is y(i) a prime number?
True
Let v be (-4)/(-10)*-2*(-245)/2. Is (-2)/(-7) - (-160398)/v composite?
False
Let g be (19502/(-42))/(2/6). Let t = g - -2499. Suppose 4*j = 2*m - t, -m + 2*j = -6*m + 2825. Is m prime?
True
Let m(t) = 58*t**2 + 55*t - 23. Is m(-12) a prime number?
True
Suppose -946 - 5344 = -3*n + 4*o, 0 = -4*n + 3*o + 8396. Suppose 2*g = 2*y - 530 + n, -781 = -g - 4*y. Suppose g = 3*r + 2*r. Is r composite?
False
Let l(x) be the third derivative of 0*x + 0 + 1/3*x**5 + 14*x**2 + 1/12*x**4 - 11/6*x**3. Is l(-5) a composite number?
False
Let r be (9 - 7)*(-7)/(-2). Let a(d) = d**2 - 10*d + 9. Let x be a(r). Is 3/x - 58/(-8) prime?
True
Suppose 3495 = p + 4*p. Let r = p - 70. Is r a prime number?
False
Let k = -9 + 14. Suppose 0 = 7*y - k*y. Suppose y = -4*z + 3*z + 217. Is z prime?
False
Let x = 4 + 0. Let k(a) = 7*a**2 + 99*a + 111*a + 3 - 209*a. Is k(x) prime?
False
Is -8 - (-232)/28 - 39079/(-7) composite?
True
Let k(i) = 177*i**3 + i**2 + i. Let h(d) = -d**3 + d**2 - 1. Let f(v) = 2*h(v) - k(v). Is f(-1) a composite number?
False
Is 70326 + 6/(-8) + (-34)/8 composite?
False
Suppose 5*j + 82 = -8. Let f = j - -18. Suppose f = m + 2*m - 249. Is m prime?
True
Suppose 0 = -35*w + 66*w - 1650719. Is w a composite number?
True
Let d(j) = 5*j**2 - 5*j**2 + 4*j**2 - 1 + 5*j. Is d(-4) prime?
True
Let z = -30 + 28. Is 1043/28 + z/8 a composite number?
False
Let z(l) = 10*l**2 - 25*l - 44. Is z(-5) composite?
False
Suppose -2*f + v = -6, 2*f - 3*v = 4 + 2. Suppose 3*s = 3*i + 7494, f*i + 7524 = 3*s + 6*i. Is s a prime number?
True
Suppose 0 = 3*q + 12, 3*i + 0*q = -2*q + 68098. Is i composite?
True
Let p = 12 + -10. Suppose 0*q = p*q. Suppose q = -4*r + 3*r + 259. Is r a prime number?
False
Let a be -1*(-9)/3 + -1. Let j be -2*1/a*-1. Is 25/1*(j + 0) composite?
True
Let r = -35 - -38. Suppose r*i + 1671 = 6*i. Is i prime?
True
Let k = -6535 + 19464. Is k a composite number?
True
Let o = -11858 - -20987. Suppose -2*t - t + o = 0. Is t prime?
False
Let b = -2131 - -3303. Suppose -9*v + 5*v + b = 0. Is v a prime number?
True
Suppose -5*q - c = -q - 80359, 5*q - 100433 = 4*c. Is q a prime number?
True
Let w(o) = -o**3 + 6*o**2 - 2*o - 2. Let k be w(6). Let v(i) = 7*i - 102. Let p be v(12). Let f = k - p. Is f prime?
False
Suppose -347*t + 600565 = -340*t. Is t a prime number?
False
Suppose 0 = 3*c - 4*l - 70, -c + 4*l + 0*l + 34 = 0. Is 14470/35 + (c/21)/(-2) prime?
False
Suppose 7*c = -2*v + 4*c + 3, v - 2*c - 19 = 0. Let i(y) = -y**2 + 13*y + 17. Is i(v) prime?
True
Let o = 5518 + -1281. Is o prime?
False
Is (10/(-10))/((-1)/205) prime?
False
Let r(g) = 2*g**2 + 6*g - 1. Let m(f) = -2*f**2 - 5*f. Suppose 0 = 4*h - 3*h + 2. Let s(i) = h*r(i) - 3*m(i). Is s(7) a prime number?
False
Let p be -2 + -2 + 2 + -3 + -1. Let a(g) = 20*g**2 - 4*g - 5. Is a(p) a composite number?
False
Suppose -3*c - 4986 = -3*n - 0*c, 0 = n - 3*c - 1672. Is n composite?
False
Let k(x) = 24*x**3 - 4*x**2 + 2*x + 23. Is k(8) prime?
True
Suppose -5*l + 53 = -3*w, -6*l + 3*w + 27 = -3*l. Let c(x) = 94*x - 140. Let n be c(51). Is (1/2)/(l/n) prime?
True
Let u be -2 + 5 + 1047 + 6. Let x = 1590 - u. Suppose 2*g - x = -4*g. Is g a prime number?
True
Let a(j) = 3083*j + 95. Is a(6) a composite number?
False
Is (-3)/(-12) + (-9633)/(-12) composite?
True
Let o(w) = -6*w - 3. Let t be o(-3). Let i be 10*((-12)/t)/(-2). Suppose 3*z - 3 = 0, 0*m - 2*z = i*m - 426. Is m composite?
True
Let y = -57 + 23. Suppose 3*v - 2*j = -25, 2*v - 1 + 39 = -4*j. Let k = v - y. Is k a prime number?
True
Suppose d - 2157 = -5*t, -4 = t + t. Is d prime?
False
Let g = -267 + 269. Suppose -2*r = -4*w + 16, -r + 18 = -5*r + w. Is 4/r - (g - 86) composite?
False
Is -9*(-1952)/12 - -1 composite?
True
Let y(o) = -o**3 + 11*o**2 + 4*o + 11. Let b = -6 + 13. Suppose b = v - 4. Is y(v) prime?
False
Suppose -3*q = -s + 1 - 8, -s = 5*q - 9. Suppose q*j - 517 = 841. Is j a composite number?
True
Suppose 17*m - 442222 + 67355 = 0. Is m composite?
False
Suppose 5*k - 52 - 68 = 0. Suppose n - 6*n = 3*m - k, 2*m + 3 = 3*n. Suppose 5*w = q - 54, -n*q - 2*w + 94 = -0*w. Is q composite?
True
Is (2/(-6))/(((-2)/(-30453))/(-2)) a composite number?
False
Suppose 2*j - 7436 + 1554 = 2*q, -2*q - 14699 = -5*j. Is j a prime number?
True
Let m be ((-3)/(-12) - -2)*(-16)/6. Is (9/m)/((-12)/1528) a composite number?
False
Suppose r - b = -6*b + 2311, -4*r + 9332 = -2*b. Suppose -3*v + r = -0*v. Suppose 2*o = -o + v. Is o a composite number?
True
Suppose -4*n + 25 = n. Suppose -5*u - 43 - 37 = -2*i, -5*u - 115 = n*i. Is (211 + 2)*(-6)/u prime?
True
Let r = 8301 - 4979. Let l = r + -1611. Is l prime?
False
Suppose 105 = 3*g + p, 0*g + 5*p = 3*g - 123. Suppose 7*n - 3*n + g = 0. Is ((-514)/(-3))/((-6)/n) composite?
False
Suppose -758 = -2*k - 4*c, -8*c + 13*c = -k + 379. Is k a composite number?
False
Let u = -579 + 994. Let n = u + 1416. Is n a composite number?
False
Suppose 42*v - 153149 - 117709 = 0. Is v a composite number?
False
Suppose -2*n - 2*n = 4. Let w be (n - -7)*(-9 - -8). Let q(r) = -2*r + 11. Is q(w) prime?
True
Let k(z) be the second derivative of -z**3/6 + z**2/2 + 6*z. Let n be k(6). Let u(q) = -27*q - 8. Is u(n) prime?
True
Is (-3 - -5)*226788/24 a composite number?
False
Let n = -528 - -532. Let z(g) = 29*g**2 - 4*g + 3. Let v be z(2). Is 4*v - (-8)/n prime?
False
Let c(a) = -a**2 - 19*a + 17. Let t(o) = o**3 + 4*o**2 - 10*o - 2. Let n be t(-6). Is c(n) a prime number?
False
Let j(z) = -7*z**3 + 10*z**2 + 19*z + 10. Let l be j(-10). Suppose 2*n = -2*c + l, -4*n + 3*n + 3901 = -2*c. Is n a prime number?
True
Suppose 13*k + 0*k - 207779 = 0. Is k a prime number?
False
Suppose 3*m - 9 = 21. Suppose v - 3*v + m = 0, -169 = -3*f - 2*v. Is f a prime number?
True
Let k(u) = 117*u + 20. Let v be k(4). Let x = v + -282. Is x composite?
True
Let d = 39 + -25. Let a = -14 + d. Is (a + 4)/((-2)/(-5)) prime?
False
Is (54/(-6))/(6/4) + 8615 composite?
False
Let c(z) = z**3 - 2*z**2 - 10*z + 14. Let r be c(-11). Let m = 2246 + r. Is m prime?
True
Let z be -3 + 1*(-1 + 9). Suppose -3*j + z*j = 12. Suppose -1228 = -j*o + 2*o. Is o prime?
True
Is 1*-673*2*(-145)/10 a composite number?
True
Let k(j) = j**3 - 7*j**2 + 6*j + 3. Suppose -4*u = 1 - 25. Let m be k(u). Is (1/m)/((-2)/(-5430)) prime?
False
Let a = 15711 - 6706. Is a a prime number?
False
Suppose 0 = 4*v - 2*v - 718. Is v a composite number?
False
Let q be (2/(-4))/(13/(-24882)). Suppose 0 = -2*w + q + 309. Suppose 5 = -4*v + w. Is v prime?
True
Let i(u) = u**3 + 23*u**2 - 8*u + 1. Is i(-10) prime?
True
Let f = -8863 - -15876. Is f a prime number?
True
Suppose -b = b - 524. Suppose -2*p - 2*w + 1 = 5, -4*w - 22 = -3*p. Suppose 0 = -0*y - p*y + b. Is y a prime number?
True
Let y(i) = 54*i**3 - 2*i**2 - 9*i + 11. Is y(6) a prime number?
True
Let a be (-6)/4*9/((-18)/236). Let q = -71 + a. Is q prime?
False
Let o(u) = u**3 - 8*u**2 - 8*u - 6. Let x be o(9). Let a be ((-3)/x)/((-3)/879). Suppose -4*h + a = 5*f - 133, 0 = -h + 3*f + 115. Is h a composite number?
False
Suppose -2*t + 4*w + 24626 = 0, 5*t - w = 13604 + 48006. Is t a composite number?
False
Suppose -u + 2*n + 7 = 0, 5*